te the remainder when 61 is divided by j.
19
Suppose 25 = 3*v - 4*j, j = -0 - 4. Suppose v*b - 6 = -0. Suppose 0 = 5*z - 10, -7*x + 252 = -b*x - 4*z. Calculate the remainder when x is divided by 18.
16
Calculate the remainder when 58 + (1 - 2/2) is divided by 15.
13
Let o = 6 - -1. Suppose o*a = 2*a + 45. What is the remainder when a is divided by (36/(-16) - 2/8)*-2?
4
Let b = 36 + 3. Calculate the remainder when b is divided by 14.
11
Let h be 215/15 - 4/(-6). Let t = 25 - h. What is the remainder when t is divided by 3?
1
What is the remainder when 88 is divided by 2/(-1) + -2*45/(-10)?
4
What is the remainder when (-24)/(1/8 + 14/(-16)) is divided by 20?
12
Suppose 0 = -5*k + 8 + 22. Suppose -k*v = -v - 435. Calculate the remainder when v is divided by 22.
21
Let i = 9 - 0. Calculate the remainder when 61 is divided by i.
7
Let h = -26 - -109. Calculate the remainder when h is divided by 21.
20
Let o = 364 - 205. Calculate the remainder when o is divided by 9.
6
Suppose -3*q - 27 = -n, -2*q + 12 = -5*q. Suppose -r = 4*r - 30. What is the remainder when n is divided by r?
3
Let o = -4 + 6. Let n = 4 + o. What is the remainder when n is divided by 4?
2
Let j be 3/(-2*3/(-128)). Let k = 89 - j. Let q = 35 - k. What is the remainder when q is divided by 6?
4
Suppose 2*m + 0*o = -5*o + 11, 0 = -2*o - 6. Calculate the remainder when 77 is divided by m.
12
Suppose 3*j = 85 - 13. Suppose 2*k = -0*k + j. Let w = 29 - 7. Calculate the remainder when w is divided by k.
10
Let i = -7 + 6. Let n = 18 + i. Let v = n - 11. Calculate the remainder when 9 is divided by v.
3
Suppose -2*x + 6 = -0. Let l = 19 - 13. Suppose -9 = -4*k + d, -3*d + 6 = 5*k - l*d. What is the remainder when x is divided by k?
0
Suppose -4*v = -v + 9. Let p be ((-12)/(-10))/(v/15). Let b(z) = z**3 + 7*z**2 + 4*z + 1. Calculate the remainder when b(p) is divided by 7.
6
Suppose -3*l - 207 = -4*k, k - 6*l + 2*l = 42. What is the remainder when k is divided by 14?
12
Suppose -z + 50 = z. Let w(v) = 12*v**2 - 4*v + 1. Calculate the remainder when w(3) is divided by z.
22
Suppose 5*x - 130 = -3*l, 4*l + 4*x + 47 = 231. Calculate the remainder when 20/l - 233/(-5) is divided by 16.
15
Let z(y) = 10*y**2 + 7*y**2 + 3*y - 2*y. Let u(d) = -2*d - 1. What is the remainder when z(1) is divided by u(-3)?
3
Let f be -2 - (2 - 2) - -6. Suppose 4*i = -f*l + 136, -4*l - 1 = 5*i - 172. Calculate the remainder when i is divided by 46/4 + (-1)/(-2).
11
Suppose 8 = -4*x - 0*x. Let o be -2 - (x - -4 - 20). Suppose 0 = -r + o - 7. What is the remainder when 26 is divided by r?
8
Suppose l = -5, 5*p - 43 = 4*p + 4*l. Suppose i + 2 = 3*o, 3*i = i - 4*o + 46. What is the remainder when p is divided by i?
10
Let f = -4 - -8. Suppose a - 14 - 17 = 3*l, a - f*l - 27 = 0. Calculate the remainder when a is divided by 11.
10
Suppose 4*w = -w - 5*b, 2*b + 35 = 5*w. Suppose 118 = w*q - 0*r - 4*r, -5*q = -5*r - 120. What is the remainder when 41 is divided by q?
19
Let r(h) = h**3 + h**2 + h + 2. Let q be r(0). Let p be q/2 - (-30)/(-5). Calculate the remainder when (p - (1 + -1))*-3 is divided by 4.
3
Let p = 5 + 0. Suppose -p*w - o = -26, -3*o - 19 + 1 = -w. Suppose -4 = -u + 3*j + w, 5*u - 4*j - 83 = 0. What is the remainder when u is divided by 10?
9
Suppose 0 = 5*u + 4*z - 48, -4*u - z = -2*z - 30. Suppose -3*h = -u*h + 15. Suppose h*i - 18 = i. Calculate the remainder when 26 is divided by i.
8
Let i = -13 + 29. Let l = 34 - i. What is the remainder when l is divided by 7?
4
Let i(v) = v**3 - 3*v**2 - 4*v + 5. Let u be i(4). Let s(r) = 9*r - 7. Let o be s(u). Suppose -5*h + o = -77. Calculate the remainder when h is divided by 8.
7
Suppose 2*g = 4*v - 94, 0*g = -4*g + 4*v - 196. Let p = g - -75. Calculate the remainder when p is divided by 9.
6
Let i(w) = 2*w + 4. Suppose -3*l + 58 = -5*s, l - 3*l - 5*s = -47. Calculate the remainder when l is divided by i(4).
9
Suppose 83 = 5*c - 4*i, c + 0*i = i + 17. Calculate the remainder when 58 is divided by c.
13
Suppose 10*c - 14*c = -28. Let j = 7 + -5. Let w(p) = 3*p**2 - p + 1. Calculate the remainder when w(j) is divided by c.
4
Suppose -3*n + 2*n - 1 = l, 5*l - 13 = n. Suppose -l*p = -5*p + 78. Calculate the remainder when p is divided by 9.
8
Let c(y) = -y**2 + 4*y + 2. Let s be c(-3). Let r = s - -29. What is the remainder when (-4)/8*(-53 - 5) is divided by r?
9
Suppose -2*f - 43 = -3*f. Suppose 5*n = 101 - 26. Calculate the remainder when f is divided by n.
13
Let l = 229 - 116. Calculate the remainder when l is divided by 23.
21
Let i be ((-44)/(-4))/((-3)/(-6)). Suppose 2*v = 5*f - 3*f + i, 0 = -4*f. What is the remainder when v is divided by 7?
4
Suppose -3*l - 8 = 4*x, -l = 3*l + x - 11. Let j = l - 5. Calculate the remainder when 37 is divided by j/3 + (-80)/(-6).
11
Let n(c) = 2*c + 16. Calculate the remainder when 79 is divided by n(0).
15
Suppose -5*h + 25 = 5*q, 3*h - 20 = -h + 2*q. Let f(m) = -2*m**3 - 5*m**2 - 2*m + 3. Calculate the remainder when f(-3) is divided by h.
3
Let x(p) = 15*p**2 + 5*p - 18. Calculate the remainder when x(3) is divided by 19.
18
Let j = 10 - 13. Let b(q) = -3*q. Suppose -50 = y - 3*y + 5*a, -y = -4*a - 25. What is the remainder when y is divided by b(j)?
7
Suppose 8*y - 22 = 2. Calculate the remainder when 11 is divided by y.
2
Suppose -r + 3*x = -14, -x = -r - 2*x + 34. What is the remainder when 173 is divided by r?
28
Suppose -9 = -5*g + 51. Let u(a) = a + 15 + 0 + 7. Calculate the remainder when u(0) is divided by g.
10
Let i = 22 - -32. What is the remainder when i is divided by 14?
12
Let z = 2 - -5. Calculate the remainder when 99 is divided by (-1211)/(-49) + 2/z.
24
Let o(f) = -56*f - 2. What is the remainder when o(-1) is divided by 7?
5
Suppose 5*r = 361 + 14. Suppose -v + 4*z - 10 = 0, -3*z = -5*v - 8*z + r. Suppose p - v = -3. Calculate the remainder when p is divided by 5.
2
Suppose -22 = -2*h - 3*n, -3*h + 5*n = -5*h + 30. Calculate the remainder when 1/(-2)*3*-6 is divided by h.
4
Suppose 5*x + 27 = g, 2*g - 5*x = 26 + 8. Let n = 11 - g. What is the remainder when n is divided by 3?
1
Calculate the remainder when -1 - ((-25)/(-5) + -28) is divided by 13.
9
Let v = 49 - 34. What is the remainder when v is divided by 4?
3
Suppose -2*f + 22 = -42. What is the remainder when 61 is divided by f?
29
Let n(h) = h**2 + 3*h - 3. What is the remainder when 17 is divided by n(-5)?
3
Let d = -22 + 31. Suppose -a = -4*g - 84, -2*g + 2*a + 0*a - 36 = 0. What is the remainder when -2 - (1 + (g - -3)) is divided by d?
7
Let w(h) = -4 - 6*h - h**2 + 8*h + 10*h. Calculate the remainder when 31 is divided by w(10).
15
Suppose 5 - 85 = -4*k. Let s = 19 + -14. Suppose 3*m + 2*m - 294 = -2*r, 0 = s*m - 2*r - 286. Calculate the remainder when m is divided by k.
18
Suppose 4*d + p - 50 = 0, -4*d = -0*p - 3*p - 58. What is the remainder when 63 is divided by d?
11
Suppose -6*r - 5*s = -3*r + 2, 5*s = -5*r. What is the remainder when 5 is divided by r?
0
Suppose 0 = 3*f - 1 - 29. What is the remainder when 39 is divided by f?
9
Let c = 140 - 87. Calculate the remainder when c is divided by 11.
9
Let l = 6 + -2. Suppose l*z - 4*g - 84 = 0, 5*g + 45 + 9 = 2*z. What is the remainder when z is divided by 6?
5
Suppose -4*r + 4*k = -6*r - 4, 4*r = k + 10. Suppose 0 = a - 3*d - 43, -11 + 58 = a - 4*d. Calculate the remainder when a is divided by 21/r + (-2)/(-4).
9
Let w(h) = 4*h - h**2 + 3*h**2 - 2*h. Let k be w(-2). What is the remainder when (-494)/(-14) - k/14 is divided by 12?
11
Let j be ((-20)/6)/((-4)/6). Suppose f = h + h - 36, -4*h - j*f + 86 = 0. What is the remainder when 37 is divided by h?
18
Let m(g) = 7*g + 0*g + 2*g - 9 - 4*g. Calculate the remainder when 32 is divided by m(4).
10
Let s(k) be the first derivative of -k**2/2 + 10*k - 2. What is the remainder when s(-7) is divided by 6?
5
Suppose 0 = -g - 0 - 5. Let n be ((-282)/(-2))/(18/(-24)). Calculate the remainder when n/g - 8/(-20) is divided by 13.
12
Let v(a) = a**3 + 8*a**2 + a - 8. Let m be v(-7). Suppose 3*y - 26 = m. What is the remainder when y is divided by 7?
6
Suppose -3*d + 4*r + 0 + 14 = 0, -10 = 5*r. Suppose q - 7 = -o, q - d*q + 5*o - 23 = 0. Let l = 6 + -4. Calculate the remainder when q is divided by l.
0
Let l(z) = -3*z - 5. Let u be l(-5). Le